2 + 7*q - 2. Let b be t(5). Does 20 divide 206/6 - (-4)/b?
False
Let j = -6 + 6. Suppose 3*m - 2*l + 0 - 2 = j, 4*m - 4*l = 0. Let b(s) = 6*s**2 + s. Does 19 divide b(m)?
False
Suppose f - 4*f - 137 = -x, 0 = -4*f + 3*x - 181. Suppose -6*u + 3*u + 247 = 2*c, 5*u = 5*c + 395. Let z = f + u. Is z a multiple of 14?
False
Suppose 0 = 3*f + 9, -4*b = -0*b - 5*f - 471. Is 21 a factor of b?
False
Let f = -22 + 4. Let m(y) = 2*y - 4. Let r be m(-3). Let u = r - f. Does 4 divide u?
True
Let t(m) = m**3 + 14*m**2 + 29*m - 2. Does 27 divide t(-10)?
True
Suppose 8*k - 4*k - 144 = 0. Is k a multiple of 12?
True
Suppose -5*c + 2*s + 252 = -0*s, s - 264 = -5*c. Is 26 a factor of c?
True
Let s(v) = 2*v + 31. Is s(-8) a multiple of 2?
False
Let h = 23 + 7. Does 15 divide h?
True
Let o(a) be the first derivative of a**4/4 + 11*a**3/3 - 2*a**2 - 2*a - 2. Suppose 11 = -4*l - 2*t - 41, 2*t = 3*l + 25. Is 14 a factor of o(l)?
True
Suppose 2*r = -2*r. Let p(a) = -a + 44. Let q be p(r). Suppose -3*y + q + 31 = 0. Does 13 divide y?
False
Let c(s) = 7*s**2 - 1. Let z be c(2). Suppose 0*p - p = -z. Is p a multiple of 16?
False
Does 12 divide (290/40)/((-2)/(-8))?
False
Let k be (-1)/1*8/(-4). Suppose 20 = -0*b + k*b - 3*g, -3*b + 23 = -g. Is b a multiple of 2?
False
Let h be -76 - 0 - (8 - 8). Let r = -49 - h. Is r a multiple of 18?
False
Suppose 3*a - 34 = 2*o, 0 = -2*a - 0*a - 3*o + 40. Is 14 a factor of a?
True
Suppose 2*g + 0*g = 4, -62 = -5*a + 4*g. Suppose -a = -3*s + 4*t + 18, s + 2*t = 24. Suppose s = 3*l - l. Does 3 divide l?
False
Suppose a - 9 = -3. Let s(f) = -f**2 + 8*f - 3. Does 3 divide s(a)?
True
Let n(x) = 7*x - 3. Let f = 28 + -12. Suppose p + 28 = 3*p + 4*l, 0 = 4*p - 2*l - f. Is n(p) a multiple of 13?
True
Let k(m) = -13*m**3 + 2*m**2 - 5*m - 5. Is 13 a factor of k(-2)?
True
Let i(d) = -d**3 - 3*d**2 + 3. Let b be i(-4). Suppose 7 = 3*u + b, 0 = -4*x + u + 88. Does 7 divide x?
True
Suppose d = 2*d - 5. Let s = -67 + 67. Suppose s = -h - 3*m + 28, -5*h + 93 = d*m - 7. Is 8 a factor of h?
True
Let w be 2/(-6) + 136/12. Suppose 35 = 3*m + w. Is m a multiple of 4?
True
Suppose 4*z = -0 - 4. Let f = 3 - -14. Is 9 a factor of z - 1*(-2 - f)?
True
Let x(j) = j**3 - 8*j**2 - j - 1. Let a be x(8). Let l = a + 18. Is l a multiple of 4?
False
Let w be (-9)/15 + (-103)/(-5). Suppose w + 292 = 3*a. Does 30 divide a?
False
Suppose -5*h = 4*k - 65, 22 = 3*h + k - 17. Let l = h - 6. Is 7 a factor of l?
True
Suppose d - 4 = -d. Suppose d*q + 146 = 1346. Is 9 a factor of (-2)/11 + q/33?
True
Let t(f) = f**3 + 9*f**2 - 11*f - 2. Suppose -w = 3*v - 5*v + 12, -4*v - 6 = w. Is t(w) a multiple of 4?
True
Let c = 16 - -13. Is 4 a factor of c?
False
Let d(k) = 6*k**2 + 4*k + 2. Let v = -2 - -7. Let w = v - 7. Is d(w) a multiple of 11?
False
Suppose 0 = -5*w, -4*w = 5*o - 0*w. Suppose o = -0*k - 2*k + 44. Is k a multiple of 11?
True
Does 6 divide (4 - -111) + (6 - 4)?
False
Let i = 107 - 8. Is 37 a factor of i?
False
Suppose 0 = -0*p - 4*p - 12. Let z(j) be the first derivative of -j**2 + 4*j + 3. Does 5 divide z(p)?
True
Let d be 12*3/18*3. Suppose -d*o = -o - 90. Is 6 a factor of o?
True
Suppose 0 = -5*x + 5 + 5, n - 5*x = 0. Let m = n + -6. Suppose -v - 3 = 1, -2*f - m*v + 16 = 0. Is 8 a factor of f?
True
Suppose -4*q + 356 = -4*b, q - 16 = -4*b + 63. Is q a multiple of 32?
False
Let h(g) = g**3 + 6*g**2 - 3*g + 2. Let f be h(-6). Let i = 48 - f. Is i a multiple of 14?
True
Let o = -5 - -2. Let r = 15 + o. Does 12 divide r?
True
Suppose -72 = -3*k + 90. Suppose 4*q = 2*q - k. Let v = 14 - q. Is v a multiple of 17?
False
Suppose -449 = -5*v + 3*b, 4*v - 3*b = 2*v + 185. Is 11 a factor of v?
True
Let o = 19 - 44. Is 9 a factor of (-5)/o + 138/10?
False
Let c(d) = -d**3 - 5*d**2 - d + 10. Is c(-8) a multiple of 35?
True
Let j(q) = q**3 - 3*q**2 + 2*q + 5. Let u = -7 + 11. Does 19 divide j(u)?
False
Suppose 2*t = -4, -3*k + 4*t + 329 = 51. Is 6 a factor of k?
True
Suppose 74 = -i - 4*i - 4*s, 5*s = -3*i - 34. Let r = -11 - i. Is 7 a factor of r?
True
Suppose h + 5*s = 5*h - 31, -12 = 4*s. Suppose b + 15 = h*p, 3*b + 5*p - p = 35. Suppose 3*u + 12 = b*u. Is u a multiple of 6?
True
Let u = -82 - -151. Let j = -25 + u. Does 22 divide j?
True
Suppose 2*g + 9*m = 4*m, 6 = -3*m. Does 15 divide (24/g)/((-1)/(-5))?
False
Let r be 1/2 + (-7)/(-2). Suppose -t + 4*k - 2*k + 4 = 0, -5*t + 5*k = -25. Suppose -2*v - 55 = w - t*w, -3*w + r*v = -47. Is 4 a factor of w?
False
Let t be (-6)/(1 - (-24)/(-21)). Suppose -3*b = -3*f + t, -3*f + 36 = 3*b - 18. Is 4 a factor of f?
True
Let y(g) = g**3 + 2*g**2 - 2*g - 1. Let x be y(-2). Suppose -3*o + 31 = 1. Suppose x*k = 91 - o. Is 12 a factor of k?
False
Is 23 a factor of -1*3 - (-2 - 56)?
False
Let i be 22/(-2*(-1)/2). Let p be (5 - 4)*12 - 3. Is i*(-2)/((-12)/p) a multiple of 15?
False
Suppose 12 - 1588 = -8*z. Does 10 divide z?
False
Suppose -4*r - 30 = -5*c, 4*c - 2*r = -r + 13. Suppose 44 = 5*z - 2*g, c*z - 8*g + 3*g = 5. Does 10 divide z?
True
Suppose -3*d + 107 = -247. Does 23 divide d?
False
Let r(y) = y**2 + 2*y - 5. Let o be r(-4). Is 24 a factor of (o/(-6))/((-1)/48)?
True
Suppose 3*w = 12, -3*y - 7 + 31 = 3*w. Suppose 3*h + y*z + 8 = h, 3*z = 5*h + 7. Let r = 24 - h. Does 12 divide r?
False
Let n be (-6)/4 - 30/(-4). Suppose -48 = -n*a + 2*a. Is a a multiple of 12?
True
Suppose 4*t + t = -u + 91, -4 = u. Suppose t = -4*z + 175. Does 17 divide z?
False
Suppose -6 = -l - 4*c, c + 0*c + 4 = -3*l. Does 7 divide 32*1 + l + -3?
False
Let o = -16 - -15. Is (4/(-10))/(o/30) a multiple of 4?
True
Let t = 175 + -123. Is 13 a factor of t?
True
Let q(h) = h**2 + 7*h - 3. Is 5 a factor of q(-8)?
True
Suppose 1122 = 10*a + 7*a. Does 11 divide a?
True
Let o(j) = 7*j**2 + j - 1. Let d be o(1). Let p(a) = -2*a - 1. Let z be p(d). Is 9 a factor of 35*(1 - (-9)/z)?
False
Let t be 62/(-8) + (-2)/8. Let m = 13 + t. Suppose -5*x + 5*w = -50, 2*x - 27 - m = -2*w. Does 13 divide x?
True
Suppose 0 = 2*m - m + 2, 4*z - m = -14. Let r(w) = w**2 - 4*w - 8. Does 13 divide r(z)?
False
Let c be (-2 + 0)/(-1 + 2). Let z be ((-9)/6)/(1/c). Is 4 a factor of (-9)/3 - -16 - z?
False
Suppose -3*t = -4*q - 0*t + 158, -3*t = 5*q - 211. Suppose 45 + q = 2*k. Suppose -5*w + 2*l + 40 = 3*l, -2*w + k = -5*l. Is w a multiple of 6?
False
Let n(i) = 2*i - 5. Let v be n(5). Suppose -232 = -v*o + 168. Suppose -6*d + d = -o. Is d a multiple of 8?
True
Let r = -267 - -379. Is r a multiple of 28?
True
Suppose 3*z + 2*h - 58 = 0, 3*z + h + 37 - 93 = 0. Suppose 3*r + z = 6*r. Let w(l) = l**2. Is 18 a factor of w(r)?
True
Suppose -2*d + 0*d - 6 = 2*b, 4*d - 42 = 5*b. Does 15 divide b + 8 + 30/2?
False
Let z = -106 + 167. Let h = z + -43. Is h a multiple of 12?
False
Let n = -15 - -91. Suppose 0 = -0*x + 4*x - n. Is x a multiple of 8?
False
Let s = 19 + -10. Is 4 a factor of s?
False
Let c(q) = -135*q**3 - 2*q - 1. Is 35 a factor of c(-1)?
False
Let y(q) = q**3 + 10*q**2 + 13*q - 3. Is 3 a factor of y(-8)?
True
Let l(k) = 2*k - 12. Let h be l(7). Suppose 90 = 4*n + h*y, 51 = 5*n - 3*n - 5*y. Is n a multiple of 6?
False
Suppose 2*o + 2*r - 82 = 0, 5*o - 87 = 2*r + 153. Does 5 divide o?
False
Let j(q) = -q**2 + 16*q + 3. Does 15 divide j(15)?
False
Let u be (0/3)/(10/(-5)). Suppose 0 = -u*k - k + 5. Does 2 divide k?
False
Let d(q) = -1 + 2*q - 2*q + 30*q + 6. Let o be d(5). Suppose o = t + 4*t. Is t a multiple of 14?
False
Suppose -5*r = 5*x - 0*r - 35, -5 = -5*r. Let z = 29 - x. Does 19 divide z?
False
Let h = 54 - 37. Is 7 a factor of h?
False
Let u = 101 + -44. Suppose -x + 2*x = 5*d - u, d - 18 = -2*x. Is 61/3 - (-8)/d a multiple of 8?
False
Suppose 0 = -x + 3*x. Suppose -3*l = -3*h - 39, x*l = 2*l + h - 11. Is l a multiple of 2?
True
Suppose 426 = 8*o - 2*o. Does 9 divide o?
False
Let k = 3 + 0. Suppose -k*r = -r - 32. Is r a multiple of 16?
True
Let v(i) = -3*i - 45. Is v(-21) a multiple of 11?
False
Suppose 0 = -3*r + 7*r - n - 53, 2*r + 4*n - 40 = 0. Does 14 divide r?
True
Let v(x) = -x**3 - 7*x**2 + 6*x - 3. Let q be v(-8). Suppose -3*f = -q - 23. Is f a multiple of 8?
False
Let d(j) = -11 + 3*j**2 + 21 - 5*j - 7. Let b(l) = l + 6. Let t be b(-3). Does 7 divide d(t)?
False
Let r(x) be the third derivative of 0*x + 2/3*x**3 - 3*x**2 + 0 - 1/12*x**4. Is 5 a factor of r(-5)?
False